{"id":61,"date":"2012-12-03T00:41:52","date_gmt":"2012-12-02T22:41:52","guid":{"rendered":"http:\/\/underagroove.be\/net\/?page_id=61"},"modified":"2021-05-08T18:19:30","modified_gmt":"2021-05-08T16:19:30","slug":"fred-becker","status":"publish","type":"page","link":"https:\/\/underagroove.be\/net\/artists\/musicians\/fred-becker\/","title":{"rendered":"Fred Becker"},"content":{"rendered":"\t\t<div data-elementor-type=\"wp-page\" data-elementor-id=\"61\" class=\"elementor elementor-61\">\n\t\t\t\t\t\t<section class=\"elementor-section elementor-top-section elementor-element elementor-element-f6329dc elementor-section-stretched elementor-section-full_width elementor-section-height-default elementor-section-height-default\" data-id=\"f6329dc\" data-element_type=\"section\" data-settings=\"{&quot;stretch_section&quot;:&quot;section-stretched&quot;}\">\n\t\t\t\t\t\t<div class=\"elementor-container elementor-column-gap-default\">\n\t\t\t\t\t<div class=\"elementor-column elementor-col-100 elementor-top-column elementor-element elementor-element-80db089\" data-id=\"80db089\" data-element_type=\"column\">\n\t\t\t<div class=\"elementor-widget-wrap elementor-element-populated\">\n\t\t\t\t\t\t\t<\/div>\n\t\t<\/div>\n\t\t\t\t\t<\/div>\n\t\t<\/section>\n\t\t\t\t<section class=\"elementor-section elementor-top-section elementor-element elementor-element-8fabeab elementor-section-boxed elementor-section-height-default elementor-section-height-default\" data-id=\"8fabeab\" data-element_type=\"section\">\n\t\t\t\t\t\t<div class=\"elementor-container elementor-column-gap-default\">\n\t\t\t\t\t<div class=\"elementor-column elementor-col-100 elementor-top-column elementor-element elementor-element-c0bbaee\" data-id=\"c0bbaee\" data-element_type=\"column\">\n\t\t\t<div class=\"elementor-widget-wrap elementor-element-populated\">\n\t\t\t\t\t\t<div class=\"elementor-element elementor-element-0129979 elementor-widget elementor-widget-html\" data-id=\"0129979\" data-element_type=\"widget\" data-widget_type=\"html.default\">\n\t\t\t\t<div class=\"elementor-widget-container\">\n\t\t\t<iframe width=\"100%\" height=\"166\" scrolling=\"no\" frameborder=\"no\" allow=\"autoplay\" src=\"https:\/\/w.soundcloud.com\/player\/?url=https%3A\/\/api.soundcloud.com\/tracks\/95750573&color=%23ff0033&auto_play=false&hide_related=false&show_comments=true&show_user=false&show_reposts=false&show_teaser=false&show_artwork=false&show_playcount=false\"><\/iframe>\t\t<\/div>\n\t\t\t\t<\/div>\n\t\t\t\t\t<\/div>\n\t\t<\/div>\n\t\t\t\t\t<\/div>\n\t\t<\/section>\n\t\t\t\t<section class=\"elementor-section elementor-top-section elementor-element elementor-element-6206a4f elementor-section-boxed elementor-section-height-default elementor-section-height-default\" data-id=\"6206a4f\" data-element_type=\"section\">\n\t\t\t\t\t\t<div class=\"elementor-container elementor-column-gap-default\">\n\t\t\t\t\t<div class=\"elementor-column elementor-col-66 elementor-top-column elementor-element elementor-element-16089a4\" data-id=\"16089a4\" data-element_type=\"column\">\n\t\t\t<div class=\"elementor-widget-wrap elementor-element-populated\">\n\t\t\t\t\t\t<div class=\"elementor-element elementor-element-53ffb66 elementor-widget elementor-widget-text-editor\" data-id=\"53ffb66\" data-element_type=\"widget\" data-widget_type=\"text-editor.default\">\n\t\t\t\t<div class=\"elementor-widget-container\">\n\t\t\t\t\t\t\t<h1><strong>Fred Becker<\/strong><\/h1><p><strong>Let&#8217;s Sax your party&#8230;<\/strong><\/p><p><strong>Style :<\/strong> Only the groove&#8230;<\/p><p>&#8230;with one of the best saxophonist around! His instruments are: Tenor, Alto and Soprano saxophones, Bansuri Flute and Clarinet. Alone or accompanied, Fred bring the Jazz and lounge mood to your place. Note he may also groove and funky-sax&#8217; it up, you choose.<\/p>\t\t\t\t\t\t<\/div>\n\t\t\t\t<\/div>\n\t\t\t\t\t<\/div>\n\t\t<\/div>\n\t\t\t\t<div class=\"elementor-column elementor-col-33 elementor-top-column elementor-element elementor-element-3099db6\" data-id=\"3099db6\" data-element_type=\"column\">\n\t\t\t<div class=\"elementor-widget-wrap elementor-element-populated\">\n\t\t\t\t\t\t<div class=\"elementor-element elementor-element-e7fce90 elementor-widget elementor-widget-video\" data-id=\"e7fce90\" data-element_type=\"widget\" data-settings=\"{&quot;youtube_url&quot;:&quot;https:\\\/\\\/www.youtube.com\\\/watch?v=uwXJwbkJP1A&quot;,&quot;video_type&quot;:&quot;youtube&quot;,&quot;controls&quot;:&quot;yes&quot;}\" data-widget_type=\"video.default\">\n\t\t\t\t<div class=\"elementor-widget-container\">\n\t\t\t\t\t<div class=\"elementor-wrapper elementor-open-inline\">\n\t\t\t<div class=\"elementor-video\"><\/div>\t\t<\/div>\n\t\t\t\t<\/div>\n\t\t\t\t<\/div>\n\t\t\t\t\t<\/div>\n\t\t<\/div>\n\t\t\t\t\t<\/div>\n\t\t<\/section>\n\t\t\t\t<section class=\"elementor-section elementor-top-section elementor-element elementor-element-fc449c2 elementor-section-boxed elementor-section-height-default elementor-section-height-default\" data-id=\"fc449c2\" data-element_type=\"section\">\n\t\t\t\t\t\t<div class=\"elementor-container elementor-column-gap-default\">\n\t\t\t\t\t<div class=\"elementor-column elementor-col-100 elementor-top-column elementor-element elementor-element-50dbaaa\" data-id=\"50dbaaa\" data-element_type=\"column\">\n\t\t\t<div class=\"elementor-widget-wrap elementor-element-populated\">\n\t\t\t\t\t\t<div class=\"elementor-element elementor-element-6103003 elementor-align-center elementor-invisible elementor-widget elementor-widget-button\" data-id=\"6103003\" data-element_type=\"widget\" data-settings=\"{&quot;_animation&quot;:&quot;slideInLeft&quot;}\" data-widget_type=\"button.default\">\n\t\t\t\t<div class=\"elementor-widget-container\">\n\t\t\t\t\t<div class=\"elementor-button-wrapper\">\n\t\t\t<a class=\"elementor-button elementor-button-link elementor-size-xl\" href=\"http:\/\/underagroove.be\/net\/contact\/\">\n\t\t\t\t\t\t<span class=\"elementor-button-content-wrapper\">\n\t\t\t\t\t\t\t\t\t<span class=\"elementor-button-text\">Info&Booking<\/span>\n\t\t\t\t\t<\/span>\n\t\t\t\t\t<\/a>\n\t\t<\/div>\n\t\t\t\t<\/div>\n\t\t\t\t<\/div>\n\t\t\t\t\t<\/div>\n\t\t<\/div>\n\t\t\t\t\t<\/div>\n\t\t<\/section>\n\t\t\t\t<section class=\"elementor-section elementor-top-section elementor-element elementor-element-3526f6c1 elementor-section-boxed elementor-section-height-default elementor-section-height-default\" data-id=\"3526f6c1\" data-element_type=\"section\">\n\t\t\t\t\t\t<div class=\"elementor-container elementor-column-gap-default\">\n\t\t\t\t\t<div class=\"elementor-column elementor-col-100 elementor-top-column elementor-element elementor-element-30ff6d71\" data-id=\"30ff6d71\" data-element_type=\"column\">\n\t\t\t<div class=\"elementor-widget-wrap elementor-element-populated\">\n\t\t\t\t\t\t<div class=\"elementor-element elementor-element-2e4c30d6 elementor-widget elementor-widget-text-editor\" data-id=\"2e4c30d6\" data-element_type=\"widget\" data-widget_type=\"text-editor.default\">\n\t\t\t\t<div class=\"elementor-widget-container\">\n\t\t\t\t\t\t\t<p><strong>On his road :<\/strong><br \/>LUNIK (Experimental), WALLBANGER (Hardcore), MONKY BIZZ (Jazz), PRESENT (rockprog), AKOUSTIC PILLOW (Jazz), BLACKMYSTICEROTIC (Improvisation), SPACELAB SESSIONS (Live Experimental @ Beursschouwburg), OPERATION DUPONT (ExperimentalRockfreeJazz), &#8230;<\/p><p><strong>Actually:<\/strong><br \/><strong>Fred Becker 4tet <\/strong>(Once upon a Jazz&#8230;) Victor Abel-Keys, Nicola Lancerotti-Bass, Toon Vandionant-Drums<strong>, The Peas Project<\/strong> (FunkyPartyMusic), <strong>Karim Gharbi Quartet<\/strong> (Chanson Exp\u00e9rimentale et \u00e0 texte &#8230;), <strong>Sweet Sweat Sound System<\/strong> (Broken beat, body dance, Electro Dubstep featuring Dj Mellow)<strong>, Farid &amp; Sakuran<\/strong> (Live Filmuzi(e)k(e)<br \/>Nass J&#8217;Deba (World Experimental in progres Gnawa Trance), <strong>N&#8217;Temere<\/strong> (Soul Music With BluesHopper &amp; Desiree), <strong>BalModernSoundSystem<\/strong> (Houseparty) and more&#8230;<\/p><p><strong>In the future&#8230;<\/strong><br \/>Many MANY ideas and desires &#8212; Better, Faster with more and more love and care, with more and more right attention realising them. With audacity as much as with patience. With joy as well as with gravity. And trusting the work of time, intensity makes time slower&#8230;<\/p><p><strong>Discography :<\/strong><br \/>&#8220;Beyond the grid&#8221; with Afrik\u00e4n Protok\u00f6l [Abozam\u00e9 Records]<br \/>&#8220;Music No Get Enemy&#8221; with Oghene Kologbo &amp; World Squad [Autoprod.]<br \/>&#8220;Supermoon&#8221; with Sophie Hunger [Caroline Records]<br \/>&#8220;Barbaro (Ma Non Troppo)&#8221; with Present [Ad Hoc Records]<br \/>&#8220;EP01&#8221; with Y\u00f4ka\u00ef [Autoprod.]<br \/>&#8220;This is our first record&#8221; as the The Peas Project [Autoprod.]<br \/>&#8220;Saxaphobia&#8221; on &#8220;Fabric 14&#8221; by Stacey Pullen [Fabric]<br \/>&#8220;Saxaphobia E.P. &#8221; with Niquid \u200e [Fluential]<br \/>&#8220;High Infidelity&#8221; with Present [Carbon 7 Records]<\/p>\t\t\t\t\t\t<\/div>\n\t\t\t\t<\/div>\n\t\t\t\t\t<\/div>\n\t\t<\/div>\n\t\t\t\t\t<\/div>\n\t\t<\/section>\n\t\t\t\t<\/div>\n\t\t","protected":false},"excerpt":{"rendered":"<p><a class=\"more-link\" href=\"https:\/\/underagroove.be\/net\/artists\/musicians\/fred-becker\/\">Read More<\/a><\/p>\n","protected":false},"author":3,"featured_media":0,"parent":17,"menu_order":0,"comment_status":"closed","ping_status":"open","template":"templates\/template-full-width.php","meta":[],"_links":{"self":[{"href":"https:\/\/underagroove.be\/net\/wp-json\/wp\/v2\/pages\/61"}],"collection":[{"href":"https:\/\/underagroove.be\/net\/wp-json\/wp\/v2\/pages"}],"about":[{"href":"https:\/\/underagroove.be\/net\/wp-json\/wp\/v2\/types\/page"}],"author":[{"embeddable":true,"href":"https:\/\/underagroove.be\/net\/wp-json\/wp\/v2\/users\/3"}],"replies":[{"embeddable":true,"href":"https:\/\/underagroove.be\/net\/wp-json\/wp\/v2\/comments?post=61"}],"version-history":[{"count":0,"href":"https:\/\/underagroove.be\/net\/wp-json\/wp\/v2\/pages\/61\/revisions"}],"up":[{"embeddable":true,"href":"https:\/\/underagroove.be\/net\/wp-json\/wp\/v2\/pages\/17"}],"wp:attachment":[{"href":"https:\/\/underagroove.be\/net\/wp-json\/wp\/v2\/media?parent=61"}],"curies":[{"name":"wp","href":"https:\/\/api.w.org\/{rel}","templated":true}]}}