{"id":3785,"date":"2021-01-01T21:09:07","date_gmt":"2021-01-01T20:09:07","guid":{"rendered":"http:\/\/underagroove.be\/net\/?page_id=3785"},"modified":"2024-08-18T21:16:32","modified_gmt":"2024-08-18T19:16:32","slug":"brigada-shabazz","status":"publish","type":"page","link":"https:\/\/underagroove.be\/net\/fr\/groupes\/brigada-shabazz\/","title":{"rendered":"Brigada Shabazz"},"content":{"rendered":"\t\t<div data-elementor-type=\"wp-page\" data-elementor-id=\"3785\" class=\"elementor elementor-3785\">\n\t\t\t\t\t\t<section class=\"elementor-section elementor-top-section elementor-element elementor-element-35ac5d0 elementor-section-boxed elementor-section-height-default elementor-section-height-default\" data-id=\"35ac5d0\" data-element_type=\"section\">\n\t\t\t\t\t\t<div class=\"elementor-container elementor-column-gap-default\">\n\t\t\t\t\t<div class=\"elementor-column elementor-col-100 elementor-top-column elementor-element elementor-element-c6ff75a\" data-id=\"c6ff75a\" data-element_type=\"column\">\n\t\t\t<div class=\"elementor-widget-wrap elementor-element-populated\">\n\t\t\t\t\t\t\t<\/div>\n\t\t<\/div>\n\t\t\t\t\t<\/div>\n\t\t<\/section>\n\t\t\t\t<section class=\"elementor-section elementor-top-section elementor-element elementor-element-4c6c567 elementor-section-boxed elementor-section-height-default elementor-section-height-default\" data-id=\"4c6c567\" data-element_type=\"section\">\n\t\t\t\t\t\t<div class=\"elementor-container elementor-column-gap-default\">\n\t\t\t\t\t<div class=\"elementor-column elementor-col-100 elementor-top-column elementor-element elementor-element-79fe60c\" data-id=\"79fe60c\" data-element_type=\"column\">\n\t\t\t<div class=\"elementor-widget-wrap elementor-element-populated\">\n\t\t\t\t\t\t<div class=\"elementor-element elementor-element-4b33ad8 elementor-widget elementor-widget-text-editor\" data-id=\"4b33ad8\" data-element_type=\"widget\" data-widget_type=\"text-editor.default\">\n\t\t\t\t<div class=\"elementor-widget-container\">\n\t\t\t\t\t\t\t<h1>Brigada Shabazz<\/h1><p><strong>Style :<\/strong> radical groov tech &#8211; sexy minimalism &#8211; hyper rhythm<\/p>\t\t\t\t\t\t<\/div>\n\t\t\t\t<\/div>\n\t\t\t\t\t<\/div>\n\t\t<\/div>\n\t\t\t\t\t<\/div>\n\t\t<\/section>\n\t\t\t\t<section class=\"elementor-section elementor-top-section elementor-element elementor-element-e9dc0d9 elementor-section-boxed elementor-section-height-default elementor-section-height-default\" data-id=\"e9dc0d9\" data-element_type=\"section\">\n\t\t\t\t\t\t<div class=\"elementor-container elementor-column-gap-default\">\n\t\t\t\t\t<div class=\"elementor-column elementor-col-33 elementor-top-column elementor-element elementor-element-86efcc6\" data-id=\"86efcc6\" data-element_type=\"column\">\n\t\t\t<div class=\"elementor-widget-wrap elementor-element-populated\">\n\t\t\t\t\t\t<div class=\"elementor-element elementor-element-70b5fba elementor-widget elementor-widget-video\" data-id=\"70b5fba\" data-element_type=\"widget\" data-settings=\"{&quot;youtube_url&quot;:&quot;https:\\\/\\\/youtu.be\\\/vrihThPk2XE?si=Z6wjTZlvVIEt14jC&quot;,&quot;modestbranding&quot;:&quot;yes&quot;,&quot;video_type&quot;:&quot;youtube&quot;,&quot;controls&quot;:&quot;yes&quot;}\" data-widget_type=\"video.default\">\n\t\t\t\t<div class=\"elementor-widget-container\">\n\t\t\t\t\t<div class=\"elementor-wrapper elementor-open-inline\">\n\t\t\t<div class=\"elementor-video\"><\/div>\t\t<\/div>\n\t\t\t\t<\/div>\n\t\t\t\t<\/div>\n\t\t\t\t\t<\/div>\n\t\t<\/div>\n\t\t\t\t<div class=\"elementor-column elementor-col-33 elementor-top-column elementor-element elementor-element-94c87ac\" data-id=\"94c87ac\" data-element_type=\"column\">\n\t\t\t<div class=\"elementor-widget-wrap elementor-element-populated\">\n\t\t\t\t\t\t<div class=\"elementor-element elementor-element-e6b126e elementor-widget elementor-widget-video\" data-id=\"e6b126e\" data-element_type=\"widget\" data-settings=\"{&quot;youtube_url&quot;:&quot;https:\\\/\\\/youtu.be\\\/Vw__JiOE_lY&quot;,&quot;show_image_overlay&quot;:&quot;yes&quot;,&quot;image_overlay&quot;:{&quot;url&quot;:&quot;http:\\\/\\\/underagroove.be\\\/net\\\/wp-content\\\/uploads\\\/2021\\\/04\\\/dronetxt.png&quot;,&quot;id&quot;:4480,&quot;size&quot;:&quot;&quot;,&quot;alt&quot;:&quot;&quot;,&quot;source&quot;:&quot;library&quot;},&quot;video_type&quot;:&quot;youtube&quot;,&quot;controls&quot;:&quot;yes&quot;}\" data-widget_type=\"video.default\">\n\t\t\t\t<div class=\"elementor-widget-container\">\n\t\t\t\t\t<div class=\"elementor-wrapper elementor-open-inline\">\n\t\t\t<div class=\"elementor-video\"><\/div>\t\t\t\t<div class=\"elementor-custom-embed-image-overlay\" style=\"background-image: url(https:\/\/underagroove.be\/net\/wp-content\/uploads\/2021\/04\/dronetxt.png);\">\n\t\t\t\t\t\t\t\t\t\t\t\t\t\t\t\t<div class=\"elementor-custom-embed-play\" role=\"button\" aria-label=\"Play Video\" tabindex=\"0\">\n\t\t\t\t\t\t\t<i aria-hidden=\"true\" class=\"eicon-play\"><\/i>\t\t\t\t\t\t\t<span class=\"elementor-screen-only\">Play Video<\/span>\n\t\t\t\t\t\t<\/div>\n\t\t\t\t\t\t\t\t\t<\/div>\n\t\t\t\t\t<\/div>\n\t\t\t\t<\/div>\n\t\t\t\t<\/div>\n\t\t\t\t\t<\/div>\n\t\t<\/div>\n\t\t\t\t<div class=\"elementor-column elementor-col-33 elementor-top-column elementor-element elementor-element-f9f202f\" data-id=\"f9f202f\" data-element_type=\"column\">\n\t\t\t<div class=\"elementor-widget-wrap elementor-element-populated\">\n\t\t\t\t\t\t<div class=\"elementor-element elementor-element-a598695 elementor-widget elementor-widget-video\" data-id=\"a598695\" data-element_type=\"widget\" data-settings=\"{&quot;youtube_url&quot;:&quot;https:\\\/\\\/www.youtube.com\\\/watch?v=FFD9sDyEj-c&quot;,&quot;modestbranding&quot;:&quot;yes&quot;,&quot;yt_privacy&quot;:&quot;yes&quot;,&quot;video_type&quot;:&quot;youtube&quot;,&quot;controls&quot;:&quot;yes&quot;}\" data-widget_type=\"video.default\">\n\t\t\t\t<div class=\"elementor-widget-container\">\n\t\t\t\t\t<div class=\"elementor-wrapper elementor-open-inline\">\n\t\t\t<div class=\"elementor-video\"><\/div>\t\t<\/div>\n\t\t\t\t<\/div>\n\t\t\t\t<\/div>\n\t\t\t\t\t<\/div>\n\t\t<\/div>\n\t\t\t\t\t<\/div>\n\t\t<\/section>\n\t\t\t\t<section class=\"elementor-section elementor-top-section elementor-element elementor-element-72d9c7a elementor-section-boxed elementor-section-height-default elementor-section-height-default\" data-id=\"72d9c7a\" data-element_type=\"section\">\n\t\t\t\t\t\t<div class=\"elementor-container elementor-column-gap-default\">\n\t\t\t\t\t<div class=\"elementor-column elementor-col-100 elementor-top-column elementor-element elementor-element-c98ee96\" data-id=\"c98ee96\" data-element_type=\"column\">\n\t\t\t<div class=\"elementor-widget-wrap elementor-element-populated\">\n\t\t\t\t\t\t<div class=\"elementor-element elementor-element-6eac512 elementor-align-center elementor-invisible elementor-widget elementor-widget-button\" data-id=\"6eac512\" data-element_type=\"widget\" data-settings=\"{&quot;_animation&quot;:&quot;slideInLeft&quot;}\" data-widget_type=\"button.default\">\n\t\t\t\t<div class=\"elementor-widget-container\">\n\t\t\t\t\t<div class=\"elementor-button-wrapper\">\n\t\t\t<a class=\"elementor-button elementor-button-link elementor-size-xl\" href=\"https:\/\/underagroove.be\/net\/fr\/contact-2\/\">\n\t\t\t\t\t\t<span class=\"elementor-button-content-wrapper\">\n\t\t\t\t\t\t\t\t\t<span class=\"elementor-button-text\">Info&Booking<\/span>\n\t\t\t\t\t<\/span>\n\t\t\t\t\t<\/a>\n\t\t<\/div>\n\t\t\t\t<\/div>\n\t\t\t\t<\/div>\n\t\t\t\t\t<\/div>\n\t\t<\/div>\n\t\t\t\t\t<\/div>\n\t\t<\/section>\n\t\t\t\t<section class=\"elementor-section elementor-top-section elementor-element elementor-element-18fc1a6b elementor-section-boxed elementor-section-height-default elementor-section-height-default\" data-id=\"18fc1a6b\" data-element_type=\"section\">\n\t\t\t\t\t\t<div class=\"elementor-container elementor-column-gap-default\">\n\t\t\t\t\t<div class=\"elementor-column elementor-col-100 elementor-top-column elementor-element elementor-element-147fe3e7\" data-id=\"147fe3e7\" data-element_type=\"column\">\n\t\t\t<div class=\"elementor-widget-wrap elementor-element-populated\">\n\t\t\t\t\t\t<div class=\"elementor-element elementor-element-3e1648ac elementor-widget elementor-widget-text-editor\" data-id=\"3e1648ac\" data-element_type=\"widget\" data-widget_type=\"text-editor.default\">\n\t\t\t\t<div class=\"elementor-widget-container\">\n\t\t\t\t\t\t\t<p><strong>Shabazz<\/strong> est -entre autres- le nom musulman de Malcolm X. La cible, \u00e9tait le symbole, lanc\u00e9 par les artistes et adopt\u00e9 par l\u2019ensemble de la population de l\u2019ex-Yougoslavie, contre les bombardements de l\u2019OTAN. Le motto de ce projet est : \u00ab<em>Sonic subversion against global capitalist domination<\/em>\u00bb. Il n\u2019y a donc pas de place ici pour l\u2019indiff\u00e9rence, un reproche souvent entendu \u00e0 l\u2019encontre de la sc\u00e8ne \u00e9lectro.<\/p><p>X-Pulsed, l&#8217;homme derri\u00e8re Brigada Shabazz, n&#8217;est pas exactement un nouveau venu. Fin 95, il lance un maxi-Cd &#8220;<em>Cycled Dance Activism&#8221;<\/em>, avec l\u2019aide de Peter Claesens de Neven, un mix de techno et de discours de Malcolm X et de Fidel Castro. Puis, vint \u00ab Target\u00bb l\u2019EP subversif. <strong>Aujourd\u2019hui encore ces titres tournent sur les meilleures radios et platines<\/strong>.<\/p><p>R\u00e9guli\u00e8rement Brigada Shabazz a men\u00e9 des interventions sonores dans la sc\u00e8ne underground, diffusant parcimonieusement de nouveaux titres. <\/p><p><em>[extract from exit-rec promo]<\/em><br \/>&#8220;<em>But then one day, he surprised us not only with a wicked demo full of new Shabazz-music, but also a stunning remix for Glyth (Bulldozer on Redefine Love, a tribute to R. D&#8217;Orazio, the trade-union leader who really stood up for the workers of the now closed Clabecq forgeries).<\/em><br \/><em>Brigada Shabazz is particular by what you could call the &#8216;reserved, restrained groove&#8217;, which has an alienating and at the time infectuous effect. The sounds are rather dry, somewhat minimalist, whereas the rhythm is exciting and complex. He&#8217;s always a percussionist, even when he works with &#8216;machines&#8217;. Maybe this strange paradox can be explained by the fact that he&#8217;s a fan of both the rolling machine Front 242 and the joyous sparkling music and rhythms of Cuba.<\/em>&#8220;<\/p><p><b>Agents de la Brigade :<\/b><br \/>X-Pulsed, Dorsk 81 (303&amp;606 Operator from <em>Modulation de Fr\u00e9quence<\/em>), Fondu (aka Peter Claesen from <em>NeVeN<\/em>), X7X (da Cosmic Ear)<br \/><em>Tactical support guests<\/em> : Sinead, Zenuba &amp; Yamilet (Talking Amazones), Baron Samedi (Historicals Dali&#8217;s bar rap sessions)<\/p><p><strong>Discographie :<\/strong><br \/>Cycled Dance Activism &#8211; MaxiCD [U@G\/Lowlands] (available <a href=\"http:\/\/underagroove.be\/net\/e-shop\/\">in our shop<\/a>)<br \/>Target &#8211; vinyl [U@G\/Exit-rec\/PIAS Benelux &amp; PIAS XPort] (available <a href=\"http:\/\/underagroove.be\/net\/e-shop\/\">in our shop<\/a>)<\/p>\t\t\t\t\t\t<\/div>\n\t\t\t\t<\/div>\n\t\t\t\t\t<\/div>\n\t\t<\/div>\n\t\t\t\t\t<\/div>\n\t\t<\/section>\n\t\t\t\t<section class=\"elementor-section elementor-top-section elementor-element elementor-element-5e6ce58 elementor-section-boxed elementor-section-height-default elementor-section-height-default\" data-id=\"5e6ce58\" data-element_type=\"section\">\n\t\t\t\t\t\t<div class=\"elementor-container elementor-column-gap-default\">\n\t\t\t\t\t<div class=\"elementor-column elementor-col-50 elementor-top-column elementor-element elementor-element-bc5bf74\" data-id=\"bc5bf74\" data-element_type=\"column\">\n\t\t\t<div class=\"elementor-widget-wrap elementor-element-populated\">\n\t\t\t\t\t\t<div class=\"elementor-element elementor-element-831d14c elementor-widget elementor-widget-html\" data-id=\"831d14c\" data-element_type=\"widget\" data-widget_type=\"html.default\">\n\t\t\t\t<div class=\"elementor-widget-container\">\n\t\t\t<iframe width=\"100%\" height=\"350\" scrolling=\"no\" frameborder=\"no\" allow=\"autoplay\" src=\"https:\/\/w.soundcloud.com\/player\/?url=https%3A\/\/api.soundcloud.com\/tracks\/1036127779&color=%23ff0033&auto_play=false&hide_related=false&show_comments=true&show_user=true&show_reposts=false&show_teaser=true&visual=true\"><\/iframe>\t\t<\/div>\n\t\t\t\t<\/div>\n\t\t\t\t\t<\/div>\n\t\t<\/div>\n\t\t\t\t<div class=\"elementor-column elementor-col-50 elementor-top-column elementor-element elementor-element-2192162\" data-id=\"2192162\" data-element_type=\"column\">\n\t\t\t<div class=\"elementor-widget-wrap elementor-element-populated\">\n\t\t\t\t\t\t<div class=\"elementor-element elementor-element-4d44730 elementor-widget elementor-widget-html\" data-id=\"4d44730\" data-element_type=\"widget\" data-widget_type=\"html.default\">\n\t\t\t\t<div class=\"elementor-widget-container\">\n\t\t\t<iframe width=\"100%\" height=\"350\" scrolling=\"no\" frameborder=\"no\" allow=\"autoplay\" src=\"https:\/\/w.soundcloud.com\/player\/?url=https%3A\/\/api.soundcloud.com\/playlists\/67186888&color=%23ff0033&auto_play=false&hide_related=false&show_comments=true&show_user=true&show_reposts=false&show_teaser=false\"><\/iframe>\t\t<\/div>\n\t\t\t\t<\/div>\n\t\t\t\t\t<\/div>\n\t\t<\/div>\n\t\t\t\t\t<\/div>\n\t\t<\/section>\n\t\t\t\t<\/div>\n\t\t","protected":false},"excerpt":{"rendered":"<p><a class=\"more-link\" href=\"https:\/\/underagroove.be\/net\/fr\/groupes\/brigada-shabazz\/\">Read More<\/a><\/p>\n","protected":false},"author":3,"featured_media":0,"parent":3701,"menu_order":5,"comment_status":"closed","ping_status":"closed","template":"templates\/template-full-width.php","meta":[],"_links":{"self":[{"href":"https:\/\/underagroove.be\/net\/wp-json\/wp\/v2\/pages\/3785"}],"collection":[{"href":"https:\/\/underagroove.be\/net\/wp-json\/wp\/v2\/pages"}],"about":[{"href":"https:\/\/underagroove.be\/net\/wp-json\/wp\/v2\/types\/page"}],"author":[{"embeddable":true,"href":"https:\/\/underagroove.be\/net\/wp-json\/wp\/v2\/users\/3"}],"replies":[{"embeddable":true,"href":"https:\/\/underagroove.be\/net\/wp-json\/wp\/v2\/comments?post=3785"}],"version-history":[{"count":0,"href":"https:\/\/underagroove.be\/net\/wp-json\/wp\/v2\/pages\/3785\/revisions"}],"up":[{"embeddable":true,"href":"https:\/\/underagroove.be\/net\/wp-json\/wp\/v2\/pages\/3701"}],"wp:attachment":[{"href":"https:\/\/underagroove.be\/net\/wp-json\/wp\/v2\/media?parent=3785"}],"curies":[{"name":"wp","href":"https:\/\/api.w.org\/{rel}","templated":true}]}}