{"id":3707,"date":"2021-01-01T18:29:13","date_gmt":"2021-01-01T17:29:13","guid":{"rendered":"http:\/\/underagroove.be\/net\/?page_id=3707"},"modified":"2022-11-27T02:43:50","modified_gmt":"2022-11-27T01:43:50","slug":"dj-musicien-nes","status":"publish","type":"page","link":"https:\/\/underagroove.be\/net\/fr\/dj-musicien-nes\/","title":{"rendered":"DJ + Musicien.nes"},"content":{"rendered":"\t\t<div data-elementor-type=\"wp-page\" data-elementor-id=\"3707\" class=\"elementor elementor-3707\">\n\t\t\t\t\t\t<section class=\"elementor-section elementor-top-section elementor-element elementor-element-18e28ad elementor-section-boxed elementor-section-height-default elementor-section-height-default\" data-id=\"18e28ad\" data-element_type=\"section\">\n\t\t\t\t\t\t<div class=\"elementor-container elementor-column-gap-default\">\n\t\t\t\t\t<div class=\"elementor-column elementor-col-100 elementor-top-column elementor-element elementor-element-bdcf6a2\" data-id=\"bdcf6a2\" data-element_type=\"column\">\n\t\t\t<div class=\"elementor-widget-wrap elementor-element-populated\">\n\t\t\t\t\t\t\t<\/div>\n\t\t<\/div>\n\t\t\t\t\t<\/div>\n\t\t<\/section>\n\t\t\t\t<section class=\"elementor-section elementor-top-section elementor-element elementor-element-ae28d7c elementor-section-boxed elementor-section-height-default elementor-section-height-default\" data-id=\"ae28d7c\" data-element_type=\"section\">\n\t\t\t\t\t\t<div class=\"elementor-container elementor-column-gap-default\">\n\t\t\t\t\t<div class=\"elementor-column elementor-col-100 elementor-top-column elementor-element elementor-element-99a4901\" data-id=\"99a4901\" data-element_type=\"column\">\n\t\t\t<div class=\"elementor-widget-wrap\">\n\t\t\t\t\t\t\t<\/div>\n\t\t<\/div>\n\t\t\t\t\t<\/div>\n\t\t<\/section>\n\t\t\t\t<section class=\"elementor-section elementor-top-section elementor-element elementor-element-67dfbaef elementor-section-boxed elementor-section-height-default elementor-section-height-default\" data-id=\"67dfbaef\" data-element_type=\"section\">\n\t\t\t\t\t\t<div class=\"elementor-container elementor-column-gap-default\">\n\t\t\t\t\t<div class=\"elementor-column elementor-col-100 elementor-top-column elementor-element elementor-element-4b805c08\" data-id=\"4b805c08\" data-element_type=\"column\">\n\t\t\t<div class=\"elementor-widget-wrap elementor-element-populated\">\n\t\t\t\t\t\t<div class=\"elementor-element elementor-element-342beb2d elementor-widget elementor-widget-text-editor\" data-id=\"342beb2d\" data-element_type=\"widget\" data-widget_type=\"text-editor.default\">\n\t\t\t\t<div class=\"elementor-widget-container\">\n\t\t\t\t\t\t\t<h1>DJ + Musicien.nes<\/h1><p><strong>N\u2019h\u00e9sitez plus entre un DJ ou un groupe live : nous vous proposons les deux en un!<br \/><\/strong><\/p><p><strong>Style :<\/strong> Style: selon le DJ que vous choisissez\u2026<br \/>D\u00e9gustez la saveur unique de ce cocktail fait de remix en direct des meilleurs tubes de l&#8217;ann\u00e9e et au-del\u00e0!<br \/>Choisissez parmi les meilleurs musiciens et DJ et cr\u00e9ez votre propre \u00ab\u00a0party squad\u00a0\u00bb<br \/>Funcky\u00a0? <a href=\"http:\/\/underagroove.be\/net\/fr\/djs\/dj-kwak\/\">DJ Kwak<\/a> alias Miser Strictly Niceness lui-m\u00eame? La saveur \u00e9lectro-house de <a href=\"http:\/\/underagroove.be\/net\/fr\/djs\/dj-tang-e\/\">DJ TangE<\/a>?<br \/>Ou le fameux, <a href=\"http:\/\/underagroove.be\/net\/fr\/le-balmodern-soundsystem\/\">balMODENSOUNDsystem<\/a> avec <a href=\"http:\/\/underagroove.be\/net\/fr\/djs\/dj-patrick-balzat\/\">DJ Patrick Balzat?<\/a><\/p><p>N&#8217;h\u00e9sitez pas \u00e0 nous contacter pour plus d&#8217;informations sur les DJ, musiciens, danseurs et interpr\u00e8tes afin d&#8217;apporter une touche tout \u00e0 fait unique \u00e0 votre \u00e9v\u00e8nement.<\/p>\t\t\t\t\t\t<\/div>\n\t\t\t\t<\/div>\n\t\t\t\t<div class=\"elementor-element elementor-element-0d86cde elementor-align-center elementor-invisible elementor-widget elementor-widget-button\" data-id=\"0d86cde\" data-element_type=\"widget\" data-settings=\"{&quot;_animation&quot;:&quot;slideInLeft&quot;}\" data-widget_type=\"button.default\">\n\t\t\t\t<div class=\"elementor-widget-container\">\n\t\t\t\t\t<div class=\"elementor-button-wrapper\">\n\t\t\t<a class=\"elementor-button elementor-button-link elementor-size-xl\" href=\"https:\/\/underagroove.be\/net\/fr\/contact-2\/\">\n\t\t\t\t\t\t<span class=\"elementor-button-content-wrapper\">\n\t\t\t\t\t\t\t\t\t<span class=\"elementor-button-text\">Info&Booking<\/span>\n\t\t\t\t\t<\/span>\n\t\t\t\t\t<\/a>\n\t\t<\/div>\n\t\t\t\t<\/div>\n\t\t\t\t<\/div>\n\t\t\t\t\t<\/div>\n\t\t<\/div>\n\t\t\t\t\t<\/div>\n\t\t<\/section>\n\t\t\t\t<\/div>\n\t\t","protected":false},"excerpt":{"rendered":"<p><a class=\"more-link\" href=\"https:\/\/underagroove.be\/net\/fr\/dj-musicien-nes\/\">Read More<\/a><\/p>\n","protected":false},"author":3,"featured_media":0,"parent":0,"menu_order":2,"comment_status":"closed","ping_status":"closed","template":"templates\/template-full-width.php","meta":[],"_links":{"self":[{"href":"https:\/\/underagroove.be\/net\/wp-json\/wp\/v2\/pages\/3707"}],"collection":[{"href":"https:\/\/underagroove.be\/net\/wp-json\/wp\/v2\/pages"}],"about":[{"href":"https:\/\/underagroove.be\/net\/wp-json\/wp\/v2\/types\/page"}],"author":[{"embeddable":true,"href":"https:\/\/underagroove.be\/net\/wp-json\/wp\/v2\/users\/3"}],"replies":[{"embeddable":true,"href":"https:\/\/underagroove.be\/net\/wp-json\/wp\/v2\/comments?post=3707"}],"version-history":[{"count":0,"href":"https:\/\/underagroove.be\/net\/wp-json\/wp\/v2\/pages\/3707\/revisions"}],"wp:attachment":[{"href":"https:\/\/underagroove.be\/net\/wp-json\/wp\/v2\/media?parent=3707"}],"curies":[{"name":"wp","href":"https:\/\/api.w.org\/{rel}","templated":true}]}}