{"id":3695,"date":"2021-01-01T18:23:32","date_gmt":"2021-01-01T17:23:32","guid":{"rendered":"http:\/\/underagroove.be\/net\/?page_id=3695"},"modified":"2021-05-08T18:12:47","modified_gmt":"2021-05-08T16:12:47","slug":"volt-selector","status":"publish","type":"page","link":"https:\/\/underagroove.be\/net\/fr\/volt-selector\/","title":{"rendered":"Volt Selector"},"content":{"rendered":"\t\t<div data-elementor-type=\"wp-page\" data-elementor-id=\"3695\" class=\"elementor elementor-3695\">\n\t\t\t\t\t\t<section class=\"elementor-section elementor-top-section elementor-element elementor-element-33a7d1b elementor-section-boxed elementor-section-height-default elementor-section-height-default\" data-id=\"33a7d1b\" data-element_type=\"section\">\n\t\t\t\t\t\t<div class=\"elementor-container elementor-column-gap-default\">\n\t\t\t\t\t<div class=\"elementor-column elementor-col-100 elementor-top-column elementor-element elementor-element-954c3a2\" data-id=\"954c3a2\" data-element_type=\"column\">\n\t\t\t<div class=\"elementor-widget-wrap elementor-element-populated\">\n\t\t\t\t\t\t\t<\/div>\n\t\t<\/div>\n\t\t\t\t\t<\/div>\n\t\t<\/section>\n\t\t\t\t<section class=\"elementor-section elementor-top-section elementor-element elementor-element-24adb35 elementor-section-boxed elementor-section-height-default elementor-section-height-default\" data-id=\"24adb35\" data-element_type=\"section\">\n\t\t\t\t\t\t<div class=\"elementor-container elementor-column-gap-default\">\n\t\t\t\t\t<div class=\"elementor-column elementor-col-66 elementor-top-column elementor-element elementor-element-a2b0c68\" data-id=\"a2b0c68\" data-element_type=\"column\">\n\t\t\t<div class=\"elementor-widget-wrap elementor-element-populated\">\n\t\t\t\t\t\t<div class=\"elementor-element elementor-element-32b88d0 elementor-widget elementor-widget-text-editor\" data-id=\"32b88d0\" data-element_type=\"widget\" data-widget_type=\"text-editor.default\">\n\t\t\t\t<div class=\"elementor-widget-container\">\n\t\t\t\t\t\t\t<h1>Volt Selector<\/h1><p><strong>Dub your nite!<\/strong><\/p><p><strong>Style :<\/strong> Electro-Dub, Rocky-Reggae !<\/p>\t\t\t\t\t\t<\/div>\n\t\t\t\t<\/div>\n\t\t\t\t\t<\/div>\n\t\t<\/div>\n\t\t\t\t<div class=\"elementor-column elementor-col-33 elementor-top-column elementor-element elementor-element-13b06da\" data-id=\"13b06da\" data-element_type=\"column\">\n\t\t\t<div class=\"elementor-widget-wrap elementor-element-populated\">\n\t\t\t\t\t\t<div class=\"elementor-element elementor-element-310a90c elementor-widget elementor-widget-video\" data-id=\"310a90c\" data-element_type=\"widget\" data-settings=\"{&quot;youtube_url&quot;:&quot;https:\\\/\\\/www.youtube.com\\\/watch?v=yGUrkWXkZJg&quot;,&quot;video_type&quot;:&quot;youtube&quot;,&quot;controls&quot;:&quot;yes&quot;}\" data-widget_type=\"video.default\">\n\t\t\t\t<div class=\"elementor-widget-container\">\n\t\t\t\t\t<div class=\"elementor-wrapper elementor-open-inline\">\n\t\t\t<div class=\"elementor-video\"><\/div>\t\t<\/div>\n\t\t\t\t<\/div>\n\t\t\t\t<\/div>\n\t\t\t\t\t<\/div>\n\t\t<\/div>\n\t\t\t\t\t<\/div>\n\t\t<\/section>\n\t\t\t\t<section class=\"elementor-section elementor-top-section elementor-element elementor-element-b85eb5c elementor-section-boxed elementor-section-height-default elementor-section-height-default\" data-id=\"b85eb5c\" data-element_type=\"section\">\n\t\t\t\t\t\t<div class=\"elementor-container elementor-column-gap-default\">\n\t\t\t\t\t<div class=\"elementor-column elementor-col-100 elementor-top-column elementor-element elementor-element-40442b9\" data-id=\"40442b9\" data-element_type=\"column\">\n\t\t\t<div class=\"elementor-widget-wrap elementor-element-populated\">\n\t\t\t\t\t\t<div class=\"elementor-element elementor-element-a3c4dd8 elementor-align-center elementor-invisible elementor-widget elementor-widget-button\" data-id=\"a3c4dd8\" data-element_type=\"widget\" data-settings=\"{&quot;_animation&quot;:&quot;slideInLeft&quot;}\" data-widget_type=\"button.default\">\n\t\t\t\t<div class=\"elementor-widget-container\">\n\t\t\t\t\t<div class=\"elementor-button-wrapper\">\n\t\t\t<a class=\"elementor-button elementor-button-link elementor-size-xl\" href=\"http:\/\/underagroove.be\/net\/contact\/\">\n\t\t\t\t\t\t<span class=\"elementor-button-content-wrapper\">\n\t\t\t\t\t\t\t\t\t<span class=\"elementor-button-text\">Info&Booking<\/span>\n\t\t\t\t\t<\/span>\n\t\t\t\t\t<\/a>\n\t\t<\/div>\n\t\t\t\t<\/div>\n\t\t\t\t<\/div>\n\t\t\t\t\t<\/div>\n\t\t<\/div>\n\t\t\t\t\t<\/div>\n\t\t<\/section>\n\t\t\t\t<section class=\"elementor-section elementor-top-section elementor-element elementor-element-71722679 elementor-section-boxed elementor-section-height-default elementor-section-height-default\" data-id=\"71722679\" data-element_type=\"section\">\n\t\t\t\t\t\t<div class=\"elementor-container elementor-column-gap-default\">\n\t\t\t\t\t<div class=\"elementor-column elementor-col-100 elementor-top-column elementor-element elementor-element-36dfdd14\" data-id=\"36dfdd14\" data-element_type=\"column\">\n\t\t\t<div class=\"elementor-widget-wrap elementor-element-populated\">\n\t\t\t\t\t\t<div class=\"elementor-element elementor-element-298c77f5 elementor-widget elementor-widget-text-editor\" data-id=\"298c77f5\" data-element_type=\"widget\" data-widget_type=\"text-editor.default\">\n\t\t\t\t<div class=\"elementor-widget-container\">\n\t\t\t\t\t\t\t<p><strong>VOLT SELECTOR EN APPROCHE<\/strong><\/p><p>Vue sur un ciel \u00e9toil\u00e9, celui des cara\u00efbes et c\u2019est votre nuit de chance, car vous observez en orbite g\u00e9o-stationnaire au-dessus de Bruxelles, New York et Ha\u00efti le navire VOLT SELECTOR s&#8217;approchant rapidement vers vous en vol direct depuis la constellation \u00e9lectro-dub (ci-dessus \u00e0 gauche, \u00e0 c\u00f4t\u00e9 de la galaxie rasta).<\/p><p>Et voici une nouvelle aventure musicale intergalactique n\u00e9e de voyages interstellaires. Harmoniques et rythmiques se m\u00ealant dans un cocktail vert, jaune et rouge, d\u2019une exquise fra\u00eecheur!<\/p><p><strong>LA MISSION? POSITIVE DUB ACTION (&amp; BASS DANS IN UR FACE)!<\/strong><\/p><p>Alors ne perdons pas la boussole, il faut reprendre le plan directeur! Nous avons des MC, un s\u00e9lecteur\u2026qui est l\u2019\u00e9lement central, le Selecta de Volt, il s\u2019agit du capitaine de ce navire d\u00e9j\u00e0 d\u00e9cor\u00e9 moult fois, BOULON, cr\u00e9ateur sonique sans limite! Co-navigateur exp\u00e9riment\u00e9 du Studio Pagol, belge de l&#8217;espace, avantageusement accompagn\u00e9 de DYNAMIC, FIO &amp; THIERRY CARCAN de Mars.<\/p><p><strong>Discographie :<\/strong><\/p><p>&#8220;Mothership&#8221; by Volt selector<br \/>&#8220;Brighter News&#8221; by Volt Selector<br \/>&#8220;Positive Dub Action&#8221; by Volt Selector (available <a href=\"http:\/\/underagroove.be\/net\/e-shop\/\">in our shop<\/a>)<\/p>\t\t\t\t\t\t<\/div>\n\t\t\t\t<\/div>\n\t\t\t\t\t<\/div>\n\t\t<\/div>\n\t\t\t\t\t<\/div>\n\t\t<\/section>\n\t\t\t\t<section class=\"elementor-section elementor-top-section elementor-element elementor-element-1aaa918 elementor-section-boxed elementor-section-height-default elementor-section-height-default\" data-id=\"1aaa918\" data-element_type=\"section\">\n\t\t\t\t\t\t<div class=\"elementor-container elementor-column-gap-default\">\n\t\t\t\t\t<div class=\"elementor-column elementor-col-100 elementor-top-column elementor-element elementor-element-17184eb\" data-id=\"17184eb\" data-element_type=\"column\">\n\t\t\t<div class=\"elementor-widget-wrap elementor-element-populated\">\n\t\t\t\t\t\t<div class=\"elementor-element elementor-element-128e950 elementor-widget elementor-widget-html\" data-id=\"128e950\" data-element_type=\"widget\" data-widget_type=\"html.default\">\n\t\t\t\t<div class=\"elementor-widget-container\">\n\t\t\t<iframe width=\"100%\" height=\"166\" scrolling=\"no\" frameborder=\"no\" allow=\"autoplay\" src=\"https:\/\/w.soundcloud.com\/player\/?url=https%3A\/\/api.soundcloud.com\/tracks\/903561328&color=%23ff0033&auto_play=false&hide_related=false&show_comments=true&show_use=false&show_reposts=false&show_teaser=false&show_artwork=true&show_playcount=false\"><\/iframe>\t\t<\/div>\n\t\t\t\t<\/div>\n\t\t\t\t\t<\/div>\n\t\t<\/div>\n\t\t\t\t\t<\/div>\n\t\t<\/section>\n\t\t\t\t<\/div>\n\t\t","protected":false},"excerpt":{"rendered":"<p><a class=\"more-link\" href=\"https:\/\/underagroove.be\/net\/fr\/volt-selector\/\">Read More<\/a><\/p>\n","protected":false},"author":3,"featured_media":0,"parent":0,"menu_order":4,"comment_status":"closed","ping_status":"open","template":"templates\/template-full-width.php","meta":[],"_links":{"self":[{"href":"https:\/\/underagroove.be\/net\/wp-json\/wp\/v2\/pages\/3695"}],"collection":[{"href":"https:\/\/underagroove.be\/net\/wp-json\/wp\/v2\/pages"}],"about":[{"href":"https:\/\/underagroove.be\/net\/wp-json\/wp\/v2\/types\/page"}],"author":[{"embeddable":true,"href":"https:\/\/underagroove.be\/net\/wp-json\/wp\/v2\/users\/3"}],"replies":[{"embeddable":true,"href":"https:\/\/underagroove.be\/net\/wp-json\/wp\/v2\/comments?post=3695"}],"version-history":[{"count":0,"href":"https:\/\/underagroove.be\/net\/wp-json\/wp\/v2\/pages\/3695\/revisions"}],"wp:attachment":[{"href":"https:\/\/underagroove.be\/net\/wp-json\/wp\/v2\/media?parent=3695"}],"curies":[{"name":"wp","href":"https:\/\/api.w.org\/{rel}","templated":true}]}}