{"id":3673,"date":"2021-01-01T18:11:23","date_gmt":"2021-01-01T17:11:23","guid":{"rendered":"http:\/\/underagroove.be\/net\/?page_id=3673"},"modified":"2022-11-27T02:41:28","modified_gmt":"2022-11-27T01:41:28","slug":"le-rythme-des-fourmis","status":"publish","type":"page","link":"https:\/\/underagroove.be\/net\/fr\/le-rythme-des-fourmis\/","title":{"rendered":"Le Rythme des Fourmis"},"content":{"rendered":"\t\t<div data-elementor-type=\"wp-page\" data-elementor-id=\"3673\" class=\"elementor elementor-3673\">\n\t\t\t\t\t\t<section class=\"elementor-section elementor-top-section elementor-element elementor-element-6c66d50 elementor-section-boxed elementor-section-height-default elementor-section-height-default\" data-id=\"6c66d50\" data-element_type=\"section\">\n\t\t\t\t\t\t<div class=\"elementor-container elementor-column-gap-default\">\n\t\t\t\t\t<div class=\"elementor-column elementor-col-100 elementor-top-column elementor-element elementor-element-f02e2c8\" data-id=\"f02e2c8\" data-element_type=\"column\">\n\t\t\t<div class=\"elementor-widget-wrap elementor-element-populated\">\n\t\t\t\t\t\t\t<\/div>\n\t\t<\/div>\n\t\t\t\t\t<\/div>\n\t\t<\/section>\n\t\t\t\t<section class=\"elementor-section elementor-top-section elementor-element elementor-element-867e152 elementor-section-boxed elementor-section-height-default elementor-section-height-default\" data-id=\"867e152\" data-element_type=\"section\">\n\t\t\t\t\t\t<div class=\"elementor-container elementor-column-gap-default\">\n\t\t\t\t\t<div class=\"elementor-column elementor-col-100 elementor-top-column elementor-element elementor-element-9415976\" data-id=\"9415976\" data-element_type=\"column\">\n\t\t\t<div class=\"elementor-widget-wrap elementor-element-populated\">\n\t\t\t\t\t\t<div class=\"elementor-element elementor-element-60fbd8a elementor-widget elementor-widget-text-editor\" data-id=\"60fbd8a\" data-element_type=\"widget\" data-widget_type=\"text-editor.default\">\n\t\t\t\t<div class=\"elementor-widget-container\">\n\t\t\t\t\t\t\t<h1>Le Rythme des Fourmis<\/h1><p><b>Un spectacle total, rythmique et visuel, unique et explosif!<\/b><\/p>\t\t\t\t\t\t<\/div>\n\t\t\t\t<\/div>\n\t\t\t\t\t<\/div>\n\t\t<\/div>\n\t\t\t\t\t<\/div>\n\t\t<\/section>\n\t\t\t\t<section class=\"elementor-section elementor-top-section elementor-element elementor-element-8637206 elementor-section-boxed elementor-section-height-default elementor-section-height-default\" data-id=\"8637206\" data-element_type=\"section\">\n\t\t\t\t\t\t<div class=\"elementor-container elementor-column-gap-default\">\n\t\t\t\t\t<div class=\"elementor-column elementor-col-33 elementor-top-column elementor-element elementor-element-f03856b\" data-id=\"f03856b\" data-element_type=\"column\">\n\t\t\t<div class=\"elementor-widget-wrap elementor-element-populated\">\n\t\t\t\t\t\t<div class=\"elementor-element elementor-element-9565fd1 elementor-widget elementor-widget-video\" data-id=\"9565fd1\" data-element_type=\"widget\" data-settings=\"{&quot;youtube_url&quot;:&quot;https:\\\/\\\/www.youtube.com\\\/watch?time_continue=1&amp;v=TTeVYYBO4Fc&amp;feature=emb_title&quot;,&quot;video_type&quot;:&quot;youtube&quot;,&quot;controls&quot;:&quot;yes&quot;}\" data-widget_type=\"video.default\">\n\t\t\t\t<div class=\"elementor-widget-container\">\n\t\t\t\t\t<div class=\"elementor-wrapper elementor-open-inline\">\n\t\t\t<div class=\"elementor-video\"><\/div>\t\t<\/div>\n\t\t\t\t<\/div>\n\t\t\t\t<\/div>\n\t\t\t\t\t<\/div>\n\t\t<\/div>\n\t\t\t\t<div class=\"elementor-column elementor-col-33 elementor-top-column elementor-element elementor-element-33771d2\" data-id=\"33771d2\" data-element_type=\"column\">\n\t\t\t<div class=\"elementor-widget-wrap elementor-element-populated\">\n\t\t\t\t\t\t<div class=\"elementor-element elementor-element-86ad63b elementor-widget elementor-widget-video\" data-id=\"86ad63b\" data-element_type=\"widget\" data-settings=\"{&quot;youtube_url&quot;:&quot;https:\\\/\\\/www.youtube.com\\\/watch?v=D_-N7SxtG1Q&amp;feature=emb_title&quot;,&quot;video_type&quot;:&quot;youtube&quot;,&quot;controls&quot;:&quot;yes&quot;}\" data-widget_type=\"video.default\">\n\t\t\t\t<div class=\"elementor-widget-container\">\n\t\t\t\t\t<div class=\"elementor-wrapper elementor-open-inline\">\n\t\t\t<div class=\"elementor-video\"><\/div>\t\t<\/div>\n\t\t\t\t<\/div>\n\t\t\t\t<\/div>\n\t\t\t\t\t<\/div>\n\t\t<\/div>\n\t\t\t\t<div class=\"elementor-column elementor-col-33 elementor-top-column elementor-element elementor-element-5cf6c3f\" data-id=\"5cf6c3f\" data-element_type=\"column\">\n\t\t\t<div class=\"elementor-widget-wrap elementor-element-populated\">\n\t\t\t\t\t\t<div class=\"elementor-element elementor-element-b1a2479 elementor-widget elementor-widget-video\" data-id=\"b1a2479\" data-element_type=\"widget\" data-settings=\"{&quot;youtube_url&quot;:&quot;https:\\\/\\\/www.youtube.com\\\/watch?v=0irttcoISAg&amp;feature=emb_title&quot;,&quot;video_type&quot;:&quot;youtube&quot;,&quot;controls&quot;:&quot;yes&quot;}\" data-widget_type=\"video.default\">\n\t\t\t\t<div class=\"elementor-widget-container\">\n\t\t\t\t\t<div class=\"elementor-wrapper elementor-open-inline\">\n\t\t\t<div class=\"elementor-video\"><\/div>\t\t<\/div>\n\t\t\t\t<\/div>\n\t\t\t\t<\/div>\n\t\t\t\t\t<\/div>\n\t\t<\/div>\n\t\t\t\t\t<\/div>\n\t\t<\/section>\n\t\t\t\t<section class=\"elementor-section elementor-top-section elementor-element elementor-element-b8fa45f elementor-section-boxed elementor-section-height-default elementor-section-height-default\" data-id=\"b8fa45f\" data-element_type=\"section\">\n\t\t\t\t\t\t<div class=\"elementor-container elementor-column-gap-default\">\n\t\t\t\t\t<div class=\"elementor-column elementor-col-100 elementor-top-column elementor-element elementor-element-a218227\" data-id=\"a218227\" data-element_type=\"column\">\n\t\t\t<div class=\"elementor-widget-wrap elementor-element-populated\">\n\t\t\t\t\t\t<div class=\"elementor-element elementor-element-ee57617 elementor-align-center elementor-invisible elementor-widget elementor-widget-button\" data-id=\"ee57617\" data-element_type=\"widget\" data-settings=\"{&quot;_animation&quot;:&quot;slideInLeft&quot;}\" data-widget_type=\"button.default\">\n\t\t\t\t<div class=\"elementor-widget-container\">\n\t\t\t\t\t<div class=\"elementor-button-wrapper\">\n\t\t\t<a class=\"elementor-button elementor-button-link elementor-size-xl\" href=\"https:\/\/underagroove.be\/net\/fr\/contact-2\/\">\n\t\t\t\t\t\t<span class=\"elementor-button-content-wrapper\">\n\t\t\t\t\t\t\t\t\t<span class=\"elementor-button-text\">Info&Booking<\/span>\n\t\t\t\t\t<\/span>\n\t\t\t\t\t<\/a>\n\t\t<\/div>\n\t\t\t\t<\/div>\n\t\t\t\t<\/div>\n\t\t\t\t\t<\/div>\n\t\t<\/div>\n\t\t\t\t\t<\/div>\n\t\t<\/section>\n\t\t\t\t<section class=\"elementor-section elementor-top-section elementor-element elementor-element-17234309 elementor-section-boxed elementor-section-height-default elementor-section-height-default\" data-id=\"17234309\" data-element_type=\"section\">\n\t\t\t\t\t\t<div class=\"elementor-container elementor-column-gap-default\">\n\t\t\t\t\t<div class=\"elementor-column elementor-col-100 elementor-top-column elementor-element elementor-element-4e66bfca\" data-id=\"4e66bfca\" data-element_type=\"column\">\n\t\t\t<div class=\"elementor-widget-wrap elementor-element-populated\">\n\t\t\t\t\t\t<div class=\"elementor-element elementor-element-a691cad elementor-widget elementor-widget-text-editor\" data-id=\"a691cad\" data-element_type=\"widget\" data-widget_type=\"text-editor.default\">\n\t\t\t\t<div class=\"elementor-widget-container\">\n\t\t\t\t\t\t\t<p><strong>Style :<\/strong> Radical metal drum, performances visuelles, rythmique et urbaines !<\/p><p>Une dizaine de percussionnistes accomplis r\u00e9alisant sous vos yeux \u00e0 facettes \u00e9bahis et vos antennes ravies des prouesses autant rythmiques que physiques car comme le dit le vieil adage myrm\u00e9c\u00e9en: \u2018<i>Les tonneaux c\u2019est pas du bidon!\u2019<\/i><\/p><p>Des prouesses rythmiques et visuelles car pour que le son brut du m\u00e9tal devienne ce rythme envo\u00fbtant, cette transe urbaine irr\u00e9sistible il faut \u00e0 l\u2019unisson une grande pr\u00e9cision. Pour que sonnent les polyrythmies il faut une concentration absolue, une v\u00e9ritable symbiose de Fourmi!<\/p><p>Les Fourmis vous proposent de rythmer vos festivals,\u00e9v\u00e9nements, manifiestas et discos au son de leurs rondes m\u00e9talliques. Un spectacle complet, modulable en plusieurs sets, qui pr\u00e9sente l\u2019avantage d\u2019\u00eatre \u00e0 g\u00e9om\u00e9trie variable, adaptable \u00e0 chaque situation.<\/p><p><b>Des fourmis\u2026<\/b><br \/>Venues de fourmili\u00e8res rythmiques et musicales diverses c\u2019est lors de la pr\u00e9paration d\u2019un spectacle \u00e0 la \u00ab\u00a0Stomp\u00a0\u00bb que les Fourmis d\u00e9couvrent, entre le son des haricots g\u00e9ants et celui des sacs en plastique, l\u2019incroyable son des bidons!<\/p><p>De ce coup de foudre, na\u00eetront beaucoup de petites fourmis et leur fameux Rythme. Rythmes qui se jouent avec de grosses antennes en bois sur d\u2019\u00e9normes bidons de m\u00e9tal, notez qu\u2019il s\u2019agit de fourmis des villes.<br \/>Le spectacle termin\u00e9 elles et ils reprendront r\u00e9guli\u00e8rement leurs rondes magiques au fond de la fourmili\u00e8re \u00e0 l\u2019abri de l\u2019hiver\u2026<br \/>Pour que le printemps revenu vibre de plus belle leur appel \u00e0 la F\u00eate!<\/p><p><strong>Discographie :<\/strong><br \/>&#8220;No Pasaran!&#8221; by Le Rythme des Fourmis [UaG\/Some Music]<\/p>\t\t\t\t\t\t<\/div>\n\t\t\t\t<\/div>\n\t\t\t\t\t<\/div>\n\t\t<\/div>\n\t\t\t\t\t<\/div>\n\t\t<\/section>\n\t\t\t\t<section class=\"elementor-section elementor-top-section elementor-element elementor-element-11a83cf elementor-section-boxed elementor-section-height-default elementor-section-height-default\" data-id=\"11a83cf\" data-element_type=\"section\">\n\t\t\t\t\t\t<div class=\"elementor-container elementor-column-gap-default\">\n\t\t\t\t\t<div class=\"elementor-column elementor-col-100 elementor-top-column elementor-element elementor-element-e3a315f\" data-id=\"e3a315f\" data-element_type=\"column\">\n\t\t\t<div class=\"elementor-widget-wrap elementor-element-populated\">\n\t\t\t\t\t\t<div class=\"elementor-element elementor-element-5178543 elementor-widget elementor-widget-html\" data-id=\"5178543\" data-element_type=\"widget\" data-widget_type=\"html.default\">\n\t\t\t\t<div class=\"elementor-widget-container\">\n\t\t\t<iframe width=\"100%\" height=\"320\" scrolling=\"no\" frameborder=\"no\" allow=\"autoplay\" src=\"https:\/\/w.soundcloud.com\/player\/?url=https%3A\/\/api.soundcloud.com\/playlists\/3870824&color=%23ff0033&auto_play=false&hide_related=false&show_comments=true&show_user=true&show_reposts=false&show_teaser=false&show_playcount=false\"><\/iframe>\t\t<\/div>\n\t\t\t\t<\/div>\n\t\t\t\t\t<\/div>\n\t\t<\/div>\n\t\t\t\t\t<\/div>\n\t\t<\/section>\n\t\t\t\t<\/div>\n\t\t","protected":false},"excerpt":{"rendered":"<p><a class=\"more-link\" href=\"https:\/\/underagroove.be\/net\/fr\/le-rythme-des-fourmis\/\">Read More<\/a><\/p>\n","protected":false},"author":3,"featured_media":0,"parent":0,"menu_order":1,"comment_status":"closed","ping_status":"open","template":"templates\/template-full-width.php","meta":[],"_links":{"self":[{"href":"https:\/\/underagroove.be\/net\/wp-json\/wp\/v2\/pages\/3673"}],"collection":[{"href":"https:\/\/underagroove.be\/net\/wp-json\/wp\/v2\/pages"}],"about":[{"href":"https:\/\/underagroove.be\/net\/wp-json\/wp\/v2\/types\/page"}],"author":[{"embeddable":true,"href":"https:\/\/underagroove.be\/net\/wp-json\/wp\/v2\/users\/3"}],"replies":[{"embeddable":true,"href":"https:\/\/underagroove.be\/net\/wp-json\/wp\/v2\/comments?post=3673"}],"version-history":[{"count":0,"href":"https:\/\/underagroove.be\/net\/wp-json\/wp\/v2\/pages\/3673\/revisions"}],"wp:attachment":[{"href":"https:\/\/underagroove.be\/net\/wp-json\/wp\/v2\/media?parent=3673"}],"curies":[{"name":"wp","href":"https:\/\/api.w.org\/{rel}","templated":true}]}}