{"id":3613,"date":"2020-12-31T11:53:32","date_gmt":"2020-12-31T10:53:32","guid":{"rendered":"http:\/\/underagroove.be\/net\/?page_id=3613"},"modified":"2022-11-27T02:46:47","modified_gmt":"2022-11-27T01:46:47","slug":"virna-nova","status":"publish","type":"page","link":"https:\/\/underagroove.be\/net\/fr\/virna-nova\/","title":{"rendered":"Virna Nova"},"content":{"rendered":"\t\t<div data-elementor-type=\"wp-page\" data-elementor-id=\"3613\" class=\"elementor elementor-3613\">\n\t\t\t\t\t\t<section class=\"elementor-section elementor-top-section elementor-element elementor-element-3304bbd elementor-section-boxed elementor-section-height-default elementor-section-height-default\" data-id=\"3304bbd\" data-element_type=\"section\">\n\t\t\t\t\t\t<div class=\"elementor-container elementor-column-gap-default\">\n\t\t\t\t\t<div class=\"elementor-column elementor-col-100 elementor-top-column elementor-element elementor-element-2c1ee90\" data-id=\"2c1ee90\" data-element_type=\"column\">\n\t\t\t<div class=\"elementor-widget-wrap elementor-element-populated\">\n\t\t\t\t\t\t\t<\/div>\n\t\t<\/div>\n\t\t\t\t\t<\/div>\n\t\t<\/section>\n\t\t\t\t<section class=\"elementor-section elementor-top-section elementor-element elementor-element-6596bca elementor-section-boxed elementor-section-height-default elementor-section-height-default\" data-id=\"6596bca\" data-element_type=\"section\">\n\t\t\t\t\t\t<div class=\"elementor-container elementor-column-gap-default\">\n\t\t\t\t\t<div class=\"elementor-column elementor-col-100 elementor-top-column elementor-element elementor-element-541a7cc\" data-id=\"541a7cc\" data-element_type=\"column\">\n\t\t\t<div class=\"elementor-widget-wrap elementor-element-populated\">\n\t\t\t\t\t\t<div class=\"elementor-element elementor-element-005beca elementor-widget elementor-widget-html\" data-id=\"005beca\" data-element_type=\"widget\" data-widget_type=\"html.default\">\n\t\t\t\t<div class=\"elementor-widget-container\">\n\t\t\t<iframe width=\"100%\" height=\"166\" scrolling=\"no\" frameborder=\"no\" allow=\"autoplay\" src=\"https:\/\/w.soundcloud.com\/player\/?url=https%3A\/\/api.soundcloud.com\/tracks\/688855564&color=%23ff0033&auto_play=false&hide_related=false&show_comments=true&show_user=false&show_reposts=false&show_teaser=false&show_artwork=false&show_playcount=false\"><\/iframe>\t\t<\/div>\n\t\t\t\t<\/div>\n\t\t\t\t\t<\/div>\n\t\t<\/div>\n\t\t\t\t\t<\/div>\n\t\t<\/section>\n\t\t\t\t<section class=\"elementor-section elementor-top-section elementor-element elementor-element-032fe95 elementor-section-boxed elementor-section-height-default elementor-section-height-default\" data-id=\"032fe95\" data-element_type=\"section\">\n\t\t\t\t\t\t<div class=\"elementor-container elementor-column-gap-default\">\n\t\t\t\t\t<div class=\"elementor-column elementor-col-66 elementor-top-column elementor-element elementor-element-1aa81d7\" data-id=\"1aa81d7\" data-element_type=\"column\">\n\t\t\t<div class=\"elementor-widget-wrap elementor-element-populated\">\n\t\t\t\t\t\t<div class=\"elementor-element elementor-element-a547da1 elementor-widget elementor-widget-text-editor\" data-id=\"a547da1\" data-element_type=\"widget\" data-widget_type=\"text-editor.default\">\n\t\t\t\t<div class=\"elementor-widget-container\">\n\t\t\t\t\t\t\t<h1><strong>Virna Nova<\/strong><\/h1><p><strong>Under a Groove a l\u2019honneur de vous pr\u00e9senter Miss Virna Nova, une autre \u00e9toile renomm\u00e9e internationalement, une ange talentueuse et sa guitare.<\/strong><\/p><p><strong>Style :<\/strong> Du Jazz \u00e0 la Bossa et autres saveurs tropicales.<\/p><p>Seule ou accompagn\u00e9e, Virna embrase le public, la nuit et la place&#8230;<\/p>\t\t\t\t\t\t<\/div>\n\t\t\t\t<\/div>\n\t\t\t\t\t<\/div>\n\t\t<\/div>\n\t\t\t\t<div class=\"elementor-column elementor-col-33 elementor-top-column elementor-element elementor-element-459ff5c\" data-id=\"459ff5c\" data-element_type=\"column\">\n\t\t\t<div class=\"elementor-widget-wrap elementor-element-populated\">\n\t\t\t\t\t\t<div class=\"elementor-element elementor-element-ef1dc10 elementor-widget elementor-widget-video\" data-id=\"ef1dc10\" data-element_type=\"widget\" data-settings=\"{&quot;youtube_url&quot;:&quot;https:\\\/\\\/www.youtube.com\\\/watch?v=lJkYvktJteA&quot;,&quot;video_type&quot;:&quot;youtube&quot;,&quot;controls&quot;:&quot;yes&quot;}\" data-widget_type=\"video.default\">\n\t\t\t\t<div class=\"elementor-widget-container\">\n\t\t\t\t\t<div class=\"elementor-wrapper elementor-open-inline\">\n\t\t\t<div class=\"elementor-video\"><\/div>\t\t<\/div>\n\t\t\t\t<\/div>\n\t\t\t\t<\/div>\n\t\t\t\t\t<\/div>\n\t\t<\/div>\n\t\t\t\t\t<\/div>\n\t\t<\/section>\n\t\t\t\t<section class=\"elementor-section elementor-top-section elementor-element elementor-element-6ac4013 elementor-section-boxed elementor-section-height-default elementor-section-height-default\" data-id=\"6ac4013\" data-element_type=\"section\">\n\t\t\t\t\t\t<div class=\"elementor-container elementor-column-gap-default\">\n\t\t\t\t\t<div class=\"elementor-column elementor-col-100 elementor-top-column elementor-element elementor-element-0d5bd06\" data-id=\"0d5bd06\" data-element_type=\"column\">\n\t\t\t<div class=\"elementor-widget-wrap\">\n\t\t\t\t\t\t\t<\/div>\n\t\t<\/div>\n\t\t\t\t\t<\/div>\n\t\t<\/section>\n\t\t\t\t<section class=\"elementor-section elementor-top-section elementor-element elementor-element-6274eefe elementor-section-boxed elementor-section-height-default elementor-section-height-default\" data-id=\"6274eefe\" data-element_type=\"section\">\n\t\t\t\t\t\t<div class=\"elementor-container elementor-column-gap-default\">\n\t\t\t\t\t<div class=\"elementor-column elementor-col-100 elementor-top-column elementor-element elementor-element-568748fd\" data-id=\"568748fd\" data-element_type=\"column\">\n\t\t\t<div class=\"elementor-widget-wrap elementor-element-populated\">\n\t\t\t\t\t\t<div class=\"elementor-element elementor-element-3d659b2 elementor-widget elementor-widget-text-editor\" data-id=\"3d659b2\" data-element_type=\"widget\" data-widget_type=\"text-editor.default\">\n\t\t\t\t<div class=\"elementor-widget-container\">\n\t\t\t\t\t\t\t<p><!-- wp:nextend\/smartslider3 {\"slider\":\"4\"} --><\/p>\n<p><!-- \/wp:nextend\/smartslider3 --><\/p>\n<p>Originaire du sud de la France, Virna Nova est une guitariste aux multiples talents. Venue \u00e0 Paris pour pratiquer la guitare classique avec Roland Dyens et \u00e9tudier au <strong>Conservatoire National Sup\u00e9rieur de la Musique o\u00f9 elle y obtient le premier prix de guitare<\/strong> et son dipl\u00f4me. Ensuite Virma commence \u00e0 composer, \u00e0 chanter et \u00e0 se produire en live tout en explorant d&#8217;autres styles musicaux, notamment le jazz, la musique du monde, la pop et la soul.<\/p>\n<p>Son talent et son d\u00e9vouement \u00e0 la musique lui ont permis de jouer dans le monde entier avec de nombreux artistes tels que <strong>Wyclef Jean <\/strong>(Fugees)<strong>, Richard Bona, Manou Gallo, Yael Naim, Tr\u00ffo<\/strong>, etc.<\/p>\n<p><b>Discographie<\/b> (extrait)<b> :<\/b><\/p>\n<p>&#8220;Supernova&#8221; by Virna Nova<br \/>&#8220;Sanikoya&#8221; with Debademba [Dankama]<br \/>&#8220;Le Bruit Des Vagues&#8221; with Val\u00e9rie Louri [Aztec Musique]<br \/>&#8220;Lonelygirl&#8221; with Audiodish<br \/>&#8220;Yael Naim&#8221; with Yael Naim [T\u00f4t Ou Tard]<\/p>\t\t\t\t\t\t<\/div>\n\t\t\t\t<\/div>\n\t\t\t\t<div class=\"elementor-element elementor-element-7901d29 elementor-align-center elementor-invisible elementor-widget elementor-widget-button\" data-id=\"7901d29\" data-element_type=\"widget\" data-settings=\"{&quot;_animation&quot;:&quot;slideInLeft&quot;}\" data-widget_type=\"button.default\">\n\t\t\t\t<div class=\"elementor-widget-container\">\n\t\t\t\t\t<div class=\"elementor-button-wrapper\">\n\t\t\t<a class=\"elementor-button elementor-button-link elementor-size-xl\" href=\"https:\/\/underagroove.be\/net\/fr\/contact-2\/\">\n\t\t\t\t\t\t<span class=\"elementor-button-content-wrapper\">\n\t\t\t\t\t\t\t\t\t<span class=\"elementor-button-text\">Info&Booking<\/span>\n\t\t\t\t\t<\/span>\n\t\t\t\t\t<\/a>\n\t\t<\/div>\n\t\t\t\t<\/div>\n\t\t\t\t<\/div>\n\t\t\t\t\t<\/div>\n\t\t<\/div>\n\t\t\t\t\t<\/div>\n\t\t<\/section>\n\t\t\t\t<\/div>\n\t\t","protected":false},"excerpt":{"rendered":"<p><a class=\"more-link\" href=\"https:\/\/underagroove.be\/net\/fr\/virna-nova\/\">Read More<\/a><\/p>\n","protected":false},"author":3,"featured_media":0,"parent":0,"menu_order":0,"comment_status":"closed","ping_status":"open","template":"templates\/template-full-width.php","meta":[],"_links":{"self":[{"href":"https:\/\/underagroove.be\/net\/wp-json\/wp\/v2\/pages\/3613"}],"collection":[{"href":"https:\/\/underagroove.be\/net\/wp-json\/wp\/v2\/pages"}],"about":[{"href":"https:\/\/underagroove.be\/net\/wp-json\/wp\/v2\/types\/page"}],"author":[{"embeddable":true,"href":"https:\/\/underagroove.be\/net\/wp-json\/wp\/v2\/users\/3"}],"replies":[{"embeddable":true,"href":"https:\/\/underagroove.be\/net\/wp-json\/wp\/v2\/comments?post=3613"}],"version-history":[{"count":0,"href":"https:\/\/underagroove.be\/net\/wp-json\/wp\/v2\/pages\/3613\/revisions"}],"wp:attachment":[{"href":"https:\/\/underagroove.be\/net\/wp-json\/wp\/v2\/media?parent=3613"}],"curies":[{"name":"wp","href":"https:\/\/api.w.org\/{rel}","templated":true}]}}