{"id":3595,"date":"2020-12-31T11:29:49","date_gmt":"2020-12-31T10:29:49","guid":{"rendered":"http:\/\/underagroove.be\/net\/?page_id=3595"},"modified":"2022-11-27T02:45:58","modified_gmt":"2022-11-27T01:45:58","slug":"anja-naucler","status":"publish","type":"page","link":"https:\/\/underagroove.be\/net\/fr\/anja-naucler\/","title":{"rendered":"Anja Naucler"},"content":{"rendered":"\t\t<div data-elementor-type=\"wp-page\" data-elementor-id=\"3595\" class=\"elementor elementor-3595\">\n\t\t\t\t\t\t<section class=\"elementor-section elementor-top-section elementor-element elementor-element-1afb28e elementor-section-boxed elementor-section-height-default elementor-section-height-default\" data-id=\"1afb28e\" data-element_type=\"section\">\n\t\t\t\t\t\t<div class=\"elementor-container elementor-column-gap-default\">\n\t\t\t\t\t<div class=\"elementor-column elementor-col-100 elementor-top-column elementor-element elementor-element-b3f04db\" data-id=\"b3f04db\" data-element_type=\"column\">\n\t\t\t<div class=\"elementor-widget-wrap elementor-element-populated\">\n\t\t\t\t\t\t\t<\/div>\n\t\t<\/div>\n\t\t\t\t\t<\/div>\n\t\t<\/section>\n\t\t\t\t<section class=\"elementor-section elementor-top-section elementor-element elementor-element-27175b3 elementor-section-boxed elementor-section-height-default elementor-section-height-default\" data-id=\"27175b3\" data-element_type=\"section\">\n\t\t\t\t\t\t<div class=\"elementor-container elementor-column-gap-default\">\n\t\t\t\t\t<div class=\"elementor-column elementor-col-100 elementor-top-column elementor-element elementor-element-f3948aa\" data-id=\"f3948aa\" data-element_type=\"column\">\n\t\t\t<div class=\"elementor-widget-wrap elementor-element-populated\">\n\t\t\t\t\t\t<div class=\"elementor-element elementor-element-e825916 elementor-widget elementor-widget-html\" data-id=\"e825916\" data-element_type=\"widget\" data-widget_type=\"html.default\">\n\t\t\t\t<div class=\"elementor-widget-container\">\n\t\t\t<iframe width=\"100%\" height=\"166\" scrolling=\"no\" frameborder=\"no\" allow=\"autoplay\" src=\"https:\/\/w.soundcloud.com\/player\/?url=https%3A\/\/api.soundcloud.com\/tracks\/904889446&color=%23ff0033&auto_play=false&hide_related=false&show_comments=true&show_user=false&show_reposts=false&show_teaser=false&show_artwork=false&show_playcount=false\"><\/iframe>\t\t<\/div>\n\t\t\t\t<\/div>\n\t\t\t\t\t<\/div>\n\t\t<\/div>\n\t\t\t\t\t<\/div>\n\t\t<\/section>\n\t\t\t\t<section class=\"elementor-section elementor-top-section elementor-element elementor-element-fc0732b elementor-section-boxed elementor-section-height-default elementor-section-height-default\" data-id=\"fc0732b\" data-element_type=\"section\">\n\t\t\t\t\t\t<div class=\"elementor-container elementor-column-gap-default\">\n\t\t\t\t\t<div class=\"elementor-column elementor-col-66 elementor-top-column elementor-element elementor-element-7eb9f9d\" data-id=\"7eb9f9d\" data-element_type=\"column\">\n\t\t\t<div class=\"elementor-widget-wrap elementor-element-populated\">\n\t\t\t\t\t\t<div class=\"elementor-element elementor-element-49b5b7c elementor-widget elementor-widget-text-editor\" data-id=\"49b5b7c\" data-element_type=\"widget\" data-widget_type=\"text-editor.default\">\n\t\t\t\t<div class=\"elementor-widget-container\">\n\t\t\t\t\t\t\t<h1><strong>Anja Naucler<\/strong><\/h1><p><strong>Une autre virtuose de renomm\u00e9e internationale sous un groove, Anja Naucler, aka un duo captivant compos\u00e9 d&#8217;une dame et de son violoncelle. Ou est-ce le contraire?<\/strong><\/p><p><strong>Style:\u00a0<\/strong>Des hits philharmoniques \u00e0 ceux des ann\u00e9es 80, remix\u00e9s en live&amp;direct en mode classique.<\/p><p>Anja peut jouer en tant qu&#8217;interpr\u00e8te solo classique, ainsi qu&#8217;en tant que membre de son<strong> quatuor \u00e0 cordes f\u00e9minin<\/strong>. Elle a \u00e9galement d\u00e9velopp\u00e9 un set qui revisite les tubes des ann\u00e9es 80 pour son violoncelle et une loop-station.<\/p>\t\t\t\t\t\t<\/div>\n\t\t\t\t<\/div>\n\t\t\t\t\t<\/div>\n\t\t<\/div>\n\t\t\t\t<div class=\"elementor-column elementor-col-33 elementor-top-column elementor-element elementor-element-2606756\" data-id=\"2606756\" data-element_type=\"column\">\n\t\t\t<div class=\"elementor-widget-wrap elementor-element-populated\">\n\t\t\t\t\t\t<div class=\"elementor-element elementor-element-4ab07d3 elementor-widget elementor-widget-video\" data-id=\"4ab07d3\" data-element_type=\"widget\" data-settings=\"{&quot;youtube_url&quot;:&quot;https:\\\/\\\/www.youtube.com\\\/watch?v=JiLTuekR3mU&quot;,&quot;video_type&quot;:&quot;youtube&quot;,&quot;controls&quot;:&quot;yes&quot;}\" data-widget_type=\"video.default\">\n\t\t\t\t<div class=\"elementor-widget-container\">\n\t\t\t\t\t<div class=\"elementor-wrapper elementor-open-inline\">\n\t\t\t<div class=\"elementor-video\"><\/div>\t\t<\/div>\n\t\t\t\t<\/div>\n\t\t\t\t<\/div>\n\t\t\t\t\t<\/div>\n\t\t<\/div>\n\t\t\t\t\t<\/div>\n\t\t<\/section>\n\t\t\t\t<section class=\"elementor-section elementor-top-section elementor-element elementor-element-cfbe395 elementor-section-boxed elementor-section-height-default elementor-section-height-default\" data-id=\"cfbe395\" data-element_type=\"section\">\n\t\t\t\t\t\t<div class=\"elementor-container elementor-column-gap-default\">\n\t\t\t\t\t<div class=\"elementor-column elementor-col-100 elementor-top-column elementor-element elementor-element-3557bc5\" data-id=\"3557bc5\" data-element_type=\"column\">\n\t\t\t<div class=\"elementor-widget-wrap elementor-element-populated\">\n\t\t\t\t\t\t<div class=\"elementor-element elementor-element-10249e9 elementor-align-center elementor-invisible elementor-widget elementor-widget-button\" data-id=\"10249e9\" data-element_type=\"widget\" data-settings=\"{&quot;_animation&quot;:&quot;slideInLeft&quot;}\" data-widget_type=\"button.default\">\n\t\t\t\t<div class=\"elementor-widget-container\">\n\t\t\t\t\t<div class=\"elementor-button-wrapper\">\n\t\t\t<a class=\"elementor-button elementor-button-link elementor-size-xl\" href=\"https:\/\/underagroove.be\/net\/fr\/contact-2\/\">\n\t\t\t\t\t\t<span class=\"elementor-button-content-wrapper\">\n\t\t\t\t\t\t\t\t\t<span class=\"elementor-button-text\">Info&Booking<\/span>\n\t\t\t\t\t<\/span>\n\t\t\t\t\t<\/a>\n\t\t<\/div>\n\t\t\t\t<\/div>\n\t\t\t\t<\/div>\n\t\t\t\t\t<\/div>\n\t\t<\/div>\n\t\t\t\t\t<\/div>\n\t\t<\/section>\n\t\t\t\t<section class=\"elementor-section elementor-top-section elementor-element elementor-element-6c2bcbe4 elementor-section-boxed elementor-section-height-default elementor-section-height-default\" data-id=\"6c2bcbe4\" data-element_type=\"section\">\n\t\t\t\t\t\t<div class=\"elementor-container elementor-column-gap-default\">\n\t\t\t\t\t<div class=\"elementor-column elementor-col-100 elementor-top-column elementor-element elementor-element-6e91ec69\" data-id=\"6e91ec69\" data-element_type=\"column\">\n\t\t\t<div class=\"elementor-widget-wrap elementor-element-populated\">\n\t\t\t\t\t\t<div class=\"elementor-element elementor-element-741c1570 elementor-widget elementor-widget-text-editor\" data-id=\"741c1570\" data-element_type=\"widget\" data-widget_type=\"text-editor.default\">\n\t\t\t\t<div class=\"elementor-widget-container\">\n\t\t\t\t\t\t\t<p><strong>Anja Naucler est une violoncelliste su\u00e9doise<\/strong> vivant \u00e0 Bruxelles. Elle est titulaire d&#8217;une ma\u00eetrise en interpr\u00e9tation musicale du lyc\u00e9e de musique de G\u00f6teborg, en Su\u00e8de et a \u00e9galement \u00e9tudi\u00e9 au <strong>Conservatoire Royal de Bruxelles<\/strong>. Elle a particip\u00e9 \u00e0 plusieurs masterclasses et a suivi un cours plus long de musique de chambre \u00e0 l&#8217;Institut Orph\u00e9e de Gand.<\/p><p>Apr\u00e8s ses \u00e9tudes musicales, Anja a d\u00e9velopp\u00e9 un jeu de violoncelle qu&#8217;elle utilise dans un contexte musical tr\u00e8s large comprenant la <strong>musique classique, le jazz, le rock, la pop, l&#8217;afro, la musique latino et arabe<\/strong>. Elle a fait partie de plusieurs orchestres symphoniques classiques, principalement le <strong>Brussels Philharmonics<\/strong>, et a jou\u00e9 du jazz avec entre autres <strong>Alexandre Furnelle, Alexi Tuomarila, Marco Locurcio et Nicolas Kummert<\/strong>. Elle a travaill\u00e9 avec la chanteuse tunisienne <strong>Ghalia Benali, avec John Arcadius du B\u00e9nin et avec Manou Gallo<\/strong>. Elle \u00e9tait membre du groupe de rock <strong>JOY<\/strong> et a cr\u00e9\u00e9 le trio arabe-jazz-classique-mix <strong>Triode<\/strong> avec Laila Amezian.<\/p><p>Anja est \u00e9galement \u00e0 l&#8217;origine du quatuor \u00e0 cordes du Bar du Matin qui joue un r\u00e9pertoire allant des classiques aux arrangements originaux de chanson rock, pop et jazz et travaille avec le chanteur et compositeur cubain Pucho Diaz. De plus, elle a d\u00e9velopp\u00e9 un projet solo o\u00f9 elle adapte des tubes des ann\u00e9es 80 pour son violoncelle et une loop-station.<\/p><p><strong>Discographie et tourn\u00e9es:<\/strong><\/p><p>Anja a enregistr\u00e9 une vingtaine de CD et fait de nombreuses tourn\u00e9es, en Europe comme en Am\u00e9rique, en Afrique et en Asie.<\/p>\t\t\t\t\t\t<\/div>\n\t\t\t\t<\/div>\n\t\t\t\t\t<\/div>\n\t\t<\/div>\n\t\t\t\t\t<\/div>\n\t\t<\/section>\n\t\t\t\t<\/div>\n\t\t","protected":false},"excerpt":{"rendered":"<p><a class=\"more-link\" href=\"https:\/\/underagroove.be\/net\/fr\/anja-naucler\/\">Read More<\/a><\/p>\n","protected":false},"author":3,"featured_media":0,"parent":0,"menu_order":0,"comment_status":"closed","ping_status":"closed","template":"templates\/template-full-width.php","meta":[],"_links":{"self":[{"href":"https:\/\/underagroove.be\/net\/wp-json\/wp\/v2\/pages\/3595"}],"collection":[{"href":"https:\/\/underagroove.be\/net\/wp-json\/wp\/v2\/pages"}],"about":[{"href":"https:\/\/underagroove.be\/net\/wp-json\/wp\/v2\/types\/page"}],"author":[{"embeddable":true,"href":"https:\/\/underagroove.be\/net\/wp-json\/wp\/v2\/users\/3"}],"replies":[{"embeddable":true,"href":"https:\/\/underagroove.be\/net\/wp-json\/wp\/v2\/comments?post=3595"}],"version-history":[{"count":0,"href":"https:\/\/underagroove.be\/net\/wp-json\/wp\/v2\/pages\/3595\/revisions"}],"wp:attachment":[{"href":"https:\/\/underagroove.be\/net\/wp-json\/wp\/v2\/media?parent=3595"}],"curies":[{"name":"wp","href":"https:\/\/api.w.org\/{rel}","templated":true}]}}